{"id":21,"date":"2017-07-31T13:18:12","date_gmt":"2017-07-31T13:18:12","guid":{"rendered":"https:\/\/galabau-philippi.de\/cms\/?page_id=21"},"modified":"2018-02-14T14:20:37","modified_gmt":"2018-02-14T14:20:37","slug":"startseite","status":"publish","type":"page","link":"https:\/\/galabau-philippi.de\/cms\/","title":{"rendered":"Startseite"},"content":{"rendered":"<h2><img loading=\"lazy\" decoding=\"async\" class=\"alignright wp-image-348 size-medium\" src=\"https:\/\/galabau-philippi.de\/cms\/wp-content\/uploads\/2018\/02\/Logo_Galabau-Philippi_Meister-300x271.png\" alt=\"\" width=\"300\" height=\"271\" srcset=\"https:\/\/galabau-philippi.de\/cms\/wp-content\/uploads\/2018\/02\/Logo_Galabau-Philippi_Meister-300x271.png 300w, https:\/\/galabau-philippi.de\/cms\/wp-content\/uploads\/2018\/02\/Logo_Galabau-Philippi_Meister.png 718w\" sizes=\"auto, (max-width: 300px) 100vw, 300px\" \/>Herzlich Willkommen &#8230;<\/h2>\n<p>auf der Internetseite des G\u00e4rtners, Galabau Philippi.<\/p>\n<p>Haben Sie ein Projekt und brauchen eine Fachberatung?\u00a0Rufen Sie uns an.<\/p>\n<p><strong>Tel: 06359 9459430<\/strong><\/p>\n<p>Wir planen und gestalten ihre Au\u00dfenanlage, ganz nach Ihren Bed\u00fcrfnissen und setzen Ihre W\u00fcnsche dann Schritt f\u00fcr Schritt in die Tat um. Sprechen Sie uns einfach an. Wir beraten Sie gerne und finden f\u00fcr Sie die optimale L\u00f6sung.<\/p>\n<p><strong>eMail Kontakt: <a href=\"mailto:info@galabau-philippi.de\">info@galabau-philippi.de<\/a><\/strong><\/p>\n<p><img loading=\"lazy\" decoding=\"async\" class=\"size-medium wp-image-197 alignright\" style=\"font-size: 16px;\" src=\"https:\/\/galabau-philippi.de\/cms\/wp-content\/uploads\/2018\/01\/SignumExperte_rechts-300x97.jpg\" alt=\"\" width=\"300\" height=\"97\" srcset=\"https:\/\/galabau-philippi.de\/cms\/wp-content\/uploads\/2018\/01\/SignumExperte_rechts-300x97.jpg 300w, https:\/\/galabau-philippi.de\/cms\/wp-content\/uploads\/2018\/01\/SignumExperte_rechts-768x247.jpg 768w, https:\/\/galabau-philippi.de\/cms\/wp-content\/uploads\/2018\/01\/SignumExperte_rechts-1024x329.jpg 1024w, https:\/\/galabau-philippi.de\/cms\/wp-content\/uploads\/2018\/01\/SignumExperte_rechts.jpg 1181w\" sizes=\"auto, (max-width: 300px) 100vw, 300px\" \/>Als Mitglied im &#8222;Garten-, Landschafts- und Sportplatzbau Verband Rheinland-Pfalz u. Saarland e.V.&#8220; geh\u00f6ren wir zu ausgew\u00e4hlten Fachbetrieben und d\u00fcrfen somit das Logo und das bekannte Qualit\u00e4tszeichen &#8222;Ihr Experte f\u00fcr Garten und Landschaft&#8220; tragen.<\/p>\n<p>&nbsp;<\/p>\n<hr \/>\n<p>Hast du Lust, Teil unseres Teams zu werden?<br \/>\n<a href=\"https:\/\/galabau-philippi.de\/cms\/stellenangebote\/\">\u2192 Hier geht es zu den Stellenangeboten<\/a><\/p>\n<p><img loading=\"lazy\" decoding=\"async\" class=\"wp-image-79 aligncenter\" src=\"https:\/\/galabau-philippi.de\/cms\/wp-content\/uploads\/2017\/07\/shutterstock_417541204-300x192.jpg\" alt=\"\" width=\"695\" height=\"445\" srcset=\"https:\/\/galabau-philippi.de\/cms\/wp-content\/uploads\/2017\/07\/shutterstock_417541204-300x192.jpg 300w, https:\/\/galabau-philippi.de\/cms\/wp-content\/uploads\/2017\/07\/shutterstock_417541204-768x492.jpg 768w, https:\/\/galabau-philippi.de\/cms\/wp-content\/uploads\/2017\/07\/shutterstock_417541204.jpg 1000w\" sizes=\"auto, (max-width: 695px) 100vw, 695px\" \/><\/p>\n","protected":false},"excerpt":{"rendered":"<p>Herzlich Willkommen &#8230; auf der Internetseite des G\u00e4rtners, Galabau Philippi. Haben Sie ein Projekt und brauchen eine Fachberatung?\u00a0Rufen Sie uns an. Tel: 06359 9459430 Wir planen und gestalten ihre Au\u00dfenanlage, ganz nach Ihren Bed\u00fcrfnissen und setzen Ihre W\u00fcnsche dann Schritt f\u00fcr Schritt in die Tat um. Sprechen Sie uns einfach an. Wir beraten Sie gerne &#8230;<\/p>\n","protected":false},"author":1,"featured_media":0,"parent":0,"menu_order":0,"comment_status":"closed","ping_status":"closed","template":"template-full-width.php","meta":{"footnotes":""},"class_list":["post-21","page","type-page","status-publish","hentry"],"aioseo_notices":[],"_links":{"self":[{"href":"https:\/\/galabau-philippi.de\/cms\/wp-json\/wp\/v2\/pages\/21","targetHints":{"allow":["GET"]}}],"collection":[{"href":"https:\/\/galabau-philippi.de\/cms\/wp-json\/wp\/v2\/pages"}],"about":[{"href":"https:\/\/galabau-philippi.de\/cms\/wp-json\/wp\/v2\/types\/page"}],"author":[{"embeddable":true,"href":"https:\/\/galabau-philippi.de\/cms\/wp-json\/wp\/v2\/users\/1"}],"replies":[{"embeddable":true,"href":"https:\/\/galabau-philippi.de\/cms\/wp-json\/wp\/v2\/comments?post=21"}],"version-history":[{"count":48,"href":"https:\/\/galabau-philippi.de\/cms\/wp-json\/wp\/v2\/pages\/21\/revisions"}],"predecessor-version":[{"id":359,"href":"https:\/\/galabau-philippi.de\/cms\/wp-json\/wp\/v2\/pages\/21\/revisions\/359"}],"wp:attachment":[{"href":"https:\/\/galabau-philippi.de\/cms\/wp-json\/wp\/v2\/media?parent=21"}],"curies":[{"name":"wp","href":"https:\/\/api.w.org\/{rel}","templated":true}]}}